se 13, what is -4 + -2262?
-2266
In base 5, what is 242312 + 1011?
243323
In base 15, what is -97 + 1cac?
1c15
In base 8, what is -5 + -616724?
-616731
In base 14, what is 10 - -1701?
1711
In base 7, what is -5431505 + 0?
-5431505
In base 16, what is 3 - 917?
-914
In base 16, what is c + -264b4?
-264a8
In base 16, what is a5f4 + -5?
a5ef
In base 10, what is -40372 + -34?
-40406
In base 9, what is -628 + -675?
-1414
In base 11, what is 97643 - 1?
97642
In base 12, what is 2762 - 13?
274b
In base 5, what is 121 + -2313?
-2142
In base 16, what is 467dd + 2?
467df
In base 4, what is -13102202 + -2?
-13102210
In base 7, what is 262 + 116652?
120244
In base 8, what is -5 + 24720?
24713
In base 15, what is -15c + -5c?
-1b9
In base 10, what is -1 - 13890?
-13891
In base 5, what is -1 + 2440041?
2440040
In base 3, what is 12122101 + 11?
12122112
In base 11, what is 4259a0 + 3?
4259a3
In base 3, what is -121220 + 1?
-121212
In base 6, what is 242142 + 2?
242144
In base 2, what is 1100010111 - -11010101011?
100111000010
In base 16, what is 0 + -5b57?
-5b57
In base 9, what is 156 + -3635?
-3468
In base 11, what is 721 - -6119?
683a
In base 2, what is -11010110001001 + -10110?
-11010110011111
In base 16, what is -945f - 19?
-9478
In base 11, what is 4 - 1444a9?
-1444a5
In base 4, what is 1 - 3333321?
-3333320
In base 15, what is -6cd - -bd?
-610
In base 3, what is -122222000110 + 10?
-122222000100
In base 16, what is -2 + -8729?
-872b
In base 14, what is 5 + 1b987?
1b98c
In base 9, what is -5 - -12686?
12681
In base 3, what is -10222 + -21200?
-102122
In base 12, what is -78 - 16a?
-226
In base 4, what is -13 + 32322331?
32322312
In base 2, what is 1001 - -11011000001011?
11011000010100
In base 11, what is 5018249 + -4?
5018245
In base 16, what is -5bb + -130?
-6eb
In base 16, what is -8e6b + -4?
-8e6f
In base 10, what is 1783422 - 5?
1783417
In base 3, what is -1021 + 1000?
-21
In base 9, what is -25 + 304662?
304636
In base 12, what is -18154 - -3?
-18151
In base 4, what is -201331102 + 10?
-201331032
In base 10, what is -14 + -4138?
-4152
In base 12, what is 31 + -12865?
-12834
In base 15, what is 17cc - 1ae?
161d
In base 14, what is -1 + -2b1232?
-2b1233
In base 3, what is 20101101011 - -20?
20101101101
In base 9, what is -384 - 6666?
-7161
In base 12, what is -212bb4 + 4?
-212bb0
In base 3, what is 1 + 121110100?
121110101
In base 8, what is -1013 - -716?
-75
In base 14, what is 1 + 72b7?
72b8
In base 3, what is -1011111 - 1022111?
-2110222
In base 2, what is -10101 - 101000101110?
-101001000011
In base 7, what is 22 - 1012?
-660
In base 3, what is 2122221 - -10120?
2210111
In base 5, what is 1 - -1210444?
1211000
In base 5, what is 14 - -220200?
220214
In base 6, what is 1 + 13135?
13140
In base 4, what is 2120200 + 23?
2120223
In base 14, what is -156 - -3?
-153
In base 3, what is 110012101012 + 102?
110012101121
In base 15, what is 9 + -13a44?
-13a3a
In base 7, what is -4 + -61135?
-61142
In base 7, what is 6 + -2004?
-1665
In base 13, what is 6c3ba - -3?
6c3c0
In base 10, what is -3 + 42023?
42020
In base 9, what is 1608 - -502?
2211
In base 13, what is -2 + 62918?
62916
In base 15, what is 0 - 1e22?
-1e22
In base 4, what is 32110 + -3201?
22303
In base 9, what is 225 - 446?
-221
In base 4, what is 3132001 - 2?
3131333
In base 13, what is 209 - 3?
206
In base 13, what is -1 + -6657?
-6658
In base 9, what is -5 + -6273?
-6278
In base 7, what is -156144 + -523?
-160000
In base 8, what is 173732 - 0?
173732
In base 10, what is 754 - 1?
753
In base 13, what is 17 - -6c25?
6c3c
In base 15, what is 4 + -10d3b?
-10d37
In base 9, what is 1 - -44674?
44675
In base 14, what is -5587 + -5?
-558c
In base 14, what is 9ddad - -2?
9ddb1
In base 10, what is 1 + 88269?
88270
In base 3, what is 2211 + -120111?
-110200
In base 3, what is -22 - 210121112?
-210121211
In base 7, what is 224 - 1620?
-1363
In base 8, what is -11253 - 613?
-12066
In base 11, what is -2300 + 20?
-2290
In base 15, what is 2 - 82d?
-82b
In base 4, what is 30 + 20322?
21012
In base 4, what is -230 - -1033233?
1033003
In base 14, what is 268bc7 - 1?
268bc6
In base 8, what is -4430 + -1703?
-6333
In base 8, what is 25440 + -17?
25421
In base 11, what is 261 - 503?
-252
In base 4, what is 21 - 13101010?
-13100323
In base 14, what is -2c761 + 0?
-2c761
In base 2, what is 1100010110100 + -1010101?
1100001011111
In base 11, what is -78 + -2278?
-2345
In base 11, what is -3 - -55a0?
5598
In base 9, what is -24 + 1228?
1204
In base 14, what is -19 - 145b?
-1476
In base 3, what is -1011200210 - -11?
-1011200122
In base 8, what is 6 - -61043?
61051
In base 7, what is -36421 - 104?
-36525
In base 2, what is 10111010 - 10110011?
111
In base 7, what is -353425 + -14?
-353442
In base 7, what is 5 + -265123?
-265115
In base 3, what is 12021001101 - -202?
12021002010
In base 9, what is 25074 - -62?
25146
In base 11, what is 11128 + 5?
11132
In base 14, what is 305a3 + 4?
305a7
In base 5, what is 144034214 - -1?
144034220
In base 14, what is 18147 + 1?
18148
In base 6, what is 11 + -50420?
-50405
In base 11, what is -28269 - 2?
-28270
In base 4, what is 33021 - 1113?
31302
In base 13, what is -64 - -901?
86a
In base 13, what is -2 - 33a955?
-33a957
In base 2, what is -101111110000 + 1001?
-101111100111
In base 3, what is -1212 + 211011?
202022
In base 12, what is 1 + -184409?
-184408
In base 15, what is 5 + -cda9c?
-cda97
In base 11, what is -6 + 26011?
26006
In base 14, what is 2 - -7805?
7807
In base 6, what is 522501 - 0?
522501
In base 10, what is -1038832 - 4?
-1038836
In base 14, what is 208 + 259?
463
In base 8, what is -103 - 13130?
-13233
In base 5, what is 4140013 - -1?
4140014
In base 10, what is 171 + 4064?
4235
In base 14, what is 45967 + -5?
45962
In base 9, what is -5373 - -60?
-5313
In base 4, what is -11 - 200020?
-200031
In base 10, what is -4123 + -36?
-4159
In base 14, what is 46a4a - 2?
46a48
In base 4, what is 30211230 - 1?
30211223
In base 13, what is -2 + 1777c?
1777a
In base 3, what is -1022201 - 1?
-1022202
In base 6, what is 15 - -12200?
12215
In base 7, what is 1615 - -3325?
5243
In base 4, what is 22230130 + -12?
22230112
In base 2, what is 1011110000101010 + 110?
1011110000110000
In base 7, what is 5 + -330144?
-330136
In base 5, what is -30 - -13111001?
13110421
In base 11, what is -14 + -495?
-4a9
In base 2, what is 1010000010 - -100111?
1010101001
In base 5, what is 11 + -1330421?
-1330410
In base 4, what is 32 - 12203?
-12111
In base 9, what is -5010741 + 2?
-5010738
In base 3, what is 10202 + 122110222?
122121201
In base 3, what is -21002010 - -12112?
-20212121
In base 7, what is -1360513 + -4?
-1360520
In base 14, what is -194516 - 6?
-19451c
In base 2, what is 1000 + 1011010011001?
1011010100001
In base 7, what is -3662355 - -2?
-3662353
In base 4, what is 3312332 - 2?
3312330
In base 12, what is 1 + -79a?
-799
In base 4, what is 3102031 - 1?
3102030
In base 6, what is 540252 - 5?
540243
In base 5, what is -104222 + 33?
-104134
In base 12, what is 0 - -5272?
5272
In base 2, what is -11 - -1110110101011111010?
1110110101011110111
In base 2, what is -101 - -110111100001001011?
110111100001000110
In base 9, what is 2242 - -208?
2451
In base 10, what is -49410 - -3?
-49407
In base 3, what is 202212010121 + 101?
202212010222
In base 13, what is 4 - -20b5?
20b9
In base 6, what is 5 + 2523323?
2523332
In base 3, what is -10210111120220 - -1?
-10210111120212
In base 15, what is -2 + 506ca?
506c8
In base 12, what is -234 + 8963?
872b
In base 13, what is -b + a63?
a55
In base 14, what is -177 + 16?
-161
In base 16, what is 3 + 1ef4?
1ef7
In base 4, what is -221 + 2300222?
2300001
In base 6, what is -4 + -2052454?
-2052502
In base 6, what is -1 + 311313?
311312
In base 11, what is -3 + 9408?
9405
In base 6, what is -101520 - -25?
-101451
In base 4, what is 303 - 313?
-10
In base 4, what is 1 + -3302023?
-3302022
In base 7, what is 5 + 251306?
251314
In base 2, what is -11010011101 - 101110111100?
-1001001011001
In base 14, what is 5 + -220024?
-22001d
In base 5, what is 21 - -4312214?
4312240
In base 16, what is 9 - 1352?
-1349
In base 16, what is 17b + 30?
1ab
In base 8, what is 33505 - -1?
33506
In base 6, what is -2112113 + 1?
-2112112
In base 12, what is -109 + 286?
179
In b